61. Suppose -2*w = 2*o, -7*o + 2*o + 5*w = -h. Suppose 0 = -4*f - 5*q + 36, o*q + 36 = 7*f - 3*f. Is 9 a factor of f?
True
Let h be 2/(0 + 0 - 1). Let z = h - -5. Suppose 5*w - r = -0*r + 45, -z*w - 3*r + 27 = 0. Is 9 a factor of w?
True
Let k = -17 + 15. Let w = 6 - 11. Is (-216)/(-15) - k/w a multiple of 14?
True
Let h(p) = -8*p. Does 8 divide h(-1)?
True
Let x(u) = -u**3 - u**2 - 2*u - 2. Let h be x(-3). Suppose 5*g - h - 33 = 0. Does 9 divide g?
False
Let a be 24/5*(-20)/(-8). Is 11 a factor of 3*16/a + 44?
False
Let l(g) = g**3 - 12*g**2 + 11*g + 4. Let o be l(11). Suppose -5*z - t = -38, -3*z + 3*t = o*t - 22. Is 8 a factor of z?
True
Let m(x) be the first derivative of -8*x**2 - x + 2. Let v(h) = -h**3 - 4*h**2 - 2*h + 2. Let j be v(-3). Is m(j) a multiple of 8?
False
Suppose y = 5*y - 16. Suppose 2*a = 4*s + 3*a - 133, 20 = y*a. Is 10 a factor of s?
False
Let x = -24 - -40. Is x a multiple of 16?
True
Suppose 0 = -3*p - 6 + 111. Let k = -29 - -91. Let g = k - p. Is g a multiple of 9?
True
Suppose -3*l - 3*p = -156, 2*l - 114 = 5*p + 18. Is l a multiple of 16?
False
Suppose -922 + 244 = -3*i. Is i a multiple of 14?
False
Let y be 1 + 3 - (0 - 0). Suppose -y*u - 3 = -7. Does 11 divide (-6)/((u - 4)/15)?
False
Let q = 5 - 1. Suppose -2*k = o - 22, -q*k - 23 = -2*o - 3. Is o a multiple of 8?
True
Let r(i) be the first derivative of -2*i**4 - 2*i**3/3 + i**2/2 + i - 2. Let y be r(-2). Suppose -5*b + 4*a + y = 0, -b + 30 = 4*a - 5. Is 15 a factor of b?
True
Let b(p) be the third derivative of -5*p**4/24 - p**3/6 + 3*p**2. Suppose -7*g = -2*g + 15. Is b(g) a multiple of 14?
True
Let l = 92 + -44. Is 8 a factor of l?
True
Suppose 0 = -3*x + 5*i, -4*x = -2*x - i. Suppose l - 3*g = g + 62, x = -g - 3. Is l a multiple of 33?
False
Suppose -2*a - 66 + 14 = 0. Let z = a + 55. Let n = z + -10. Does 19 divide n?
True
Suppose 425 = t - 2*b, -5*t + 2*t - b = -1275. Let h be t/(-10)*12/5. Does 15 divide h/(-12)*(5 - 1)?
False
Suppose -2*r = 3*r. Suppose 0*l + 32 = 4*l. Suppose r = 4*g + l, 0 = 3*k - 3*g - g - 77. Is 13 a factor of k?
False
Suppose 6*k - 12 = 12. Let z(j) = 3*j**2 + 1 + 2 + 2*j - 1. Does 22 divide z(k)?
False
Is (-8 - -5)*1/(-1) a multiple of 2?
False
Let j = -3 - -7. Let k(d) = 2*d + j*d - 6 - d - d**2 + 3. Is k(2) a multiple of 3?
True
Suppose 6 = -2*u + 5*u. Let f(i) = 0*i - i + 5*i + 2 - u*i. Does 7 divide f(6)?
True
Suppose d - 24 + 6 = 0. Suppose 4*f + 22 = -5*r, 0 = -3*r + 2*f - 6*f - d. Let v(x) = 4*x**2 + x + 2. Is v(r) a multiple of 7?
False
Let n be (4/(-10))/((-1)/5). Let a be (-3)/2 - 12/(-8). Suppose a = 2*o + 3*w - 69, -n*o = -4*o - 4*w + 68. Is 14 a factor of o?
False
Let o(w) = 2*w**3 + 1. Let u be o(1). Let z(l) = -l**2 - 9*l - 10. Let b be z(-7). Is 9 a factor of ((-10)/b)/(u/(-18))?
False
Let a(w) = -w**2 + 3. Let d be a(3). Is 2/((-3)/(189/d)) a multiple of 7?
True
Let p(o) = 3*o**3 - o**2 - o + 2. Let n be p(4). Let l = -107 + n. Let x = l - 26. Does 15 divide x?
False
Let s(n) = 2*n**3 - n**2 + 3*n - 4. Is s(3) a multiple of 15?
False
Suppose -123 = -3*m + 183. Is m a multiple of 18?
False
Let k(p) = 2*p**3 - 14*p**2 - 19*p + 10. Let m(s) = s**3 - 7*s**2 - 10*s + 5. Let o(i) = 3*k(i) - 5*m(i). Does 4 divide o(8)?
False
Let f(u) = 3*u**2 - 6*u + 31. Does 15 divide f(7)?
False
Let f(b) = -2*b + 22. Is 9 a factor of f(-24)?
False
Suppose 90 = -i + 2*i. Is i a multiple of 15?
True
Is (4/(-12))/((-5)/420) a multiple of 4?
True
Is 2 a factor of ((-4)/(-8))/(1/10)?
False
Let l(j) = j**2 + 2. Let s be l(0). Suppose -2*d - 5 = -s*u + 7, -4*u - d = -4. Does 14 divide u/(-12) - (-637)/42?
False
Let v be 6/((-3)/((-9)/6)). Let f(l) = l**3 - 3*l + 4. Is f(v) a multiple of 6?
False
Let z(x) = -x + 15. Does 4 divide z(-6)?
False
Let t(s) = 5*s**2 + 5*s + 7. Let y(r) = 14*r**2 + 15*r + 22. Let f(a) = -8*t(a) + 3*y(a). Is f(-4) a multiple of 12?
False
Let d = 60 + -9. Is 17 a factor of d?
True
Suppose 4*c - 265 = -5*d + 2*c, 0 = -2*d - 4*c + 106. Is d a multiple of 13?
False
Let r be 6 - 7 - (-9 + 1). Suppose r = -3*g + 37. Is 10 a factor of g?
True
Let a(o) = 26*o - 3. Let g(w) = -9*w + 1. Let s(j) = -3*a(j) - 8*g(j). Let l be s(-5). Let u = l + 13. Is u a multiple of 22?
True
Let p = 194 - 121. Is 12 a factor of p?
False
Let s(c) = -c**2 - 14*c - 15. Does 3 divide s(-9)?
True
Let s = -22 + 130. Suppose -4*f = 3*q + f - 76, 0 = -4*q - 5*f + s. Is 16 a factor of q?
True
Let t = -1 + 6. Suppose 0 = -f + 2*f - t. Suppose r + x - 34 = -0*x, f*r - 178 = 3*x. Is 13 a factor of r?
False
Let x(q) = q**3 + 2*q + 100. Is x(0) a multiple of 19?
False
Let z be 2 - -34 - (1 + -2). Let x = 58 - z. Is x a multiple of 12?
False
Let t(q) = -q + 7. Let o be t(-6). Suppose 3*b - 185 = o. Does 21 divide b?
False
Suppose 2*d = -4*a - 18, 8 = 5*d - 7. Let j = 52 + a. Is j a multiple of 23?
True
Suppose 4*q - 3*j = 432, 3*q + 2*j = -0*q + 307. Is q a multiple of 14?
False
Suppose -2*s + 111 - 37 = 0. Let d = s - -23. Is d a multiple of 15?
True
Suppose 2*o + 8 - 61 = -3*y, 0 = -o + 5*y + 20. Let b = o - -1. Is b a multiple of 9?
False
Does 4 divide 2/7 + (1 - 288/(-21))?
False
Let h be 3/(-2) - 69/(-6). Let v = h - -28. Is v a multiple of 14?
False
Let p(h) = -h**2 + 24. Let c be p(0). Let v be (-9)/2*40/(-15). Suppose v = 2*i - c. Does 9 divide i?
True
Let o(v) = -125*v**3 - v**2 - 9 + v + 8 + 2 + 0*v**2. Is o(-1) a multiple of 34?
False
Let d(y) = -7*y + 9 - 6*y - 10*y - y**2 + 3*y. Does 19 divide d(-19)?
False
Let p = 270 + -135. Does 15 divide p?
True
Let d(m) = 40*m**3 + m**2 - 2*m. Does 13 divide d(1)?
True
Let m(p) = -p**3 - p + 3. Let q be m(0). Suppose 0 - 45 = -q*s. Is s a multiple of 5?
True
Suppose 2*b - 8 = -3*y, 4 = -b + 5*y - 5. Let o be (-1)/b - (-5 - -1). Suppose 0 = d + n - 10 - 14, -o*n + 53 = 2*d. Does 8 divide d?
False
Let l be 0 - (-3)/(-6)*-2. Let i(h) = 10*h**2 - h + 1. Is 5 a factor of i(l)?
True
Let d(v) be the second derivative of -v**5/20 - 2*v**4/3 - 7*v**3/6 + 2*v**2 + v. Let s be d(-7). Suppose -s = -u + 16. Does 12 divide u?
False
Let o(s) = 7*s**2 + 1. Does 2 divide o(1)?
True
Suppose 24 = 4*r - 4*q, 2*q = 2*r + r - 22. Is 5 a factor of r?
True
Suppose 5*d + 11 = -4*i + 44, 5*d = 2*i + 21. Is 2 a factor of i?
True
Suppose 5*c + 3*w + 29 = -66, 59 = -2*c + 3*w. Let f be c/(-8)*(-2 + -2). Let a = f + 26. Is a a multiple of 15?
True
Is (4 - (7 + -1)) + (13 - -2) a multiple of 2?
False
Let w(q) = -q**3 - 9*q**2 + q + 6. Let g be w(-9). Let h = 9 + -6. Is -1*(-14 - g/h) a multiple of 9?
False
Suppose -10*y = -5*y - 140. Let t = y + 10. Does 19 divide t?
True
Let o = 25 + -7. Suppose -2*x + 24 = -o. Is x a multiple of 19?
False
Let g = 34 - 24. Suppose 2*r + 3*a + 3 = 6, 4*a = 2*r - g. Let q = 7 - r. Is q a multiple of 2?
True
Suppose 0*x + 2*x = -22. Let g be 2/(-9) + (-32)/18. Let w = g - x. Does 4 divide w?
False
Let o be 1/((-4)/(-3) + -1). Is -6 + 3 + 72/o a multiple of 13?
False
Let h = 12 + 2. Suppose -2*j = -2 - h. Does 3 divide j?
False
Suppose 4*a = 3*a + 4*d - 16, -2*a - 45 = 5*d. Suppose 3*h + 0*h = 3*u - 30, -3*u - 24 = 3*h. Let c = h - a. Does 11 divide c?
True
Let n = 3 + 1. Suppose 0 = -n*b + 71 + 1. Is 18 a factor of b?
True
Let d(h) = -h**3 + 4*h**2 + 11*h - 1. Let z(l) = 2*l**3 - 8*l**2 - 21*l + 1. Let j(o) = 5*d(o) + 3*z(o). Is j(6) a multiple of 11?
True
Let v(c) = -17*c. Let d be v(3). Let m = d - -141. Suppose -4*y + 148 = 5*z, 2*z + z - m = -3*y. Does 14 divide z?
True
Let p = 174 - 113. Let y = p - 37. Is 8 a factor of y?
True
Let l be -3 - ((-15 - 1) + 3). Suppose l*m = 5*m + 45. Is 3 a factor of m?
True
Let r(y) = 10*y**2 + 4*y - 3. Let a(q) = -q - 3. Let p be a(-5). Is r(p) a multiple of 19?
False
Let c = 26 + -90. Let p = -23 - c. Does 26 divide p?
False
Let r = 257 - 83. Does 19 divide r?
False
Let k be (5 + -3)*(-38)/(-4). Let v = 31 - k. Is 7 a factor of 87/v + 2/(-8)?
True
Let f = 4 + 56. Does 15 divide f?
True
Suppose 2*y + 16 = -0*u + 4*u, -5*y + 3*u = 19. Let w = y - -7. Is w a multiple of 5?
True
Suppose 0 = -2*b + b + 23. Let k = b + -5. Does 16 divide k?
False
Is 15 a factor of 210/7*(-1 - -2)?
True
Let b(k) = k**3 + 6*k**2. Let w = -5 - 1. Let z be b(w). Is 5 a factor of (-3 - z)/((-18)/60)?
True
Let s = 6 - -16. Does 22 divide s?
True
Let c = 13 - 19. Let t(w) = 4*w**2 + 2*w**2 + 2